0?
5
Suppose 6*q - v - 151 = 2*q, -5*q = -v - 190. Calculate the highest common factor of q and 6.
3
Suppose -4*r = 16, 0 = -5*o + 3*r + 226 + 206. Calculate the highest common divisor of 12 and o.
12
Let o(i) = -13*i + 32. Let h = -114 - -107. Let s be o(h). Calculate the highest common factor of 82 and s.
41
Suppose 4*m = 16 - 24. Let l be ((-5)/m)/((-10)/(-180)). Calculate the highest common factor of l and 225.
45
Suppose 5*n = j - 4*j - 21, 0 = 3*n - 3*j + 3. Let b = n - -4. Let l be (14 - 13)/(b/4). What is the greatest common divisor of l and 32?
4
Let v(t) = -t**2 + 16*t + 52. Let u be v(18). What is the greatest common factor of 312 and u?
8
Let o = 17 + 9. Let p = o + -124. Let c = p + 194. What is the greatest common divisor of c and 24?
24
Suppose -i - 4*t + 33 = 0, -6*t - 37 = -4*i - 3*t. What is the greatest common factor of 533 and i?
13
Suppose 3*p - 211 = 5*d, 2*p + 2*d - 173 = -27. Calculate the greatest common factor of 18 and p.
18
Let b be (-5 + 22)/(2/10). What is the highest common divisor of b and 17?
17
Let a = -171 - -411. What is the greatest common factor of 96 and a?
48
Let a(n) = n**3 + 8*n**2 - 3*n + 6. Let f be a(-8). What is the greatest common factor of f and 135?
15
Let p(q) be the second derivative of q**4/6 + 4*q**3/3 + 9*q**2 - 26*q. Let o be p(-4). Calculate the highest common factor of 6 and o.
6
Suppose 14*l - 7826 = l. What is the highest common divisor of 28 and l?
14
Let w = -584 + 624. What is the highest common divisor of 130 and w?
10
Let h be (19/(-4))/(1/(-4)). Suppose 10*g - 20862 = -112*g. What is the highest common divisor of g and h?
19
Suppose 12*g - 4245 = 639. What is the highest common factor of g and 55?
11
Let a = -305 - -682. Calculate the highest common factor of 13 and a.
13
Let a(i) = -3*i + 133. Let d be a(26). Calculate the greatest common divisor of d and 176.
11
Let w(x) = x**2 - x + 18. Suppose -k - 3*t - 14 - 3 = 0, -5*k = 3*t + 37. Let l be w(k). What is the highest common factor of 16 and l?
16
Let q be 47/7 - 8/(-28). Let b be (-2)/q - 1474/(-14). What is the highest common factor of 15 and b?
15
Let x be 103 + (-8 - -3) + -2. What is the highest common divisor of 128 and x?
32
Let a be (-7 + -38)*(0 - (10 - 3)). Let z(d) = -17*d + 1. Let t be z(-2). Calculate the greatest common factor of a and t.
35
Let c(y) = -y**3 - 94*y**2 + 55*y**2 + 44*y**2 + 15*y + 8. Let n be c(7). What is the greatest common divisor of 10 and n?
5
Let k be (3/6 - 2)*-4. Let a(f) = 2*f**2 - 3*f + 1. Let j be a(2). Suppose j*s - 1 = 5. Calculate the greatest common divisor of k and s.
2
Suppose 0 = -491*t + 487*t + 48. What is the highest common divisor of t and 2328?
12
Let s = -68 - -92. Let h be 4*(0 + 4 + 0). Calculate the greatest common factor of h and s.
8
Let m be (513/114)/(2/4). Calculate the highest common factor of 33 and m.
3
Let d(h) = -9*h**3 - h**2 + 4*h + 3. Let m be d(-3). Let z(j) = -j**2 - 8*j + 58. Let l be z(-11). What is the greatest common factor of l and m?
25
Suppose -9 = 3*c + 4*p - 132, -96 = -2*c + 2*p. Let s = -5 - 3. Let b be (s/(-3))/(6/c). What is the highest common factor of b and 180?
20
Suppose -3*t = -12, 0*i - 4*i + 2*t + 352 = 0. What is the greatest common divisor of i and 72?
18
Let n(k) = -5*k**2 - 4*k - 9. Let c(j) = -1. Let b(z) = -5*c(z) + n(z). Let m be b(-4). Let t = 128 + m. What is the highest common factor of 20 and t?
20
Suppose -3*n - 34 + 7 = 0. Let c = 3 - n. Suppose -c = -3*k + 99. Calculate the greatest common factor of k and 148.
37
Let o be ((-5)/2)/((-3)/(-6)). Let h(c) = -c**2 - 5*c + 3. Let v be h(o). Let s = -2081 + 2102. What is the highest common factor of v and s?
3
Suppose 0*a + 3*a + 282 = 0. Let i = a - -100. Calculate the highest common factor of 10 and i.
2
Suppose -40 = -7*f + 2*f. Let w(x) = -56*x**3 - 6*x**2 + 101*x**3 - 7*x + 12 - 47*x**3. Let k be w(-4). What is the highest common divisor of f and k?
8
Let r = 1771 + -1714. Let q be (-26)/3*6*-1. Suppose 0 = -3*a + 5*g + 109, 3*a - 63 = -g + q. What is the greatest common divisor of r and a?
19
Let v(o) = 2*o**2 + 53*o - 60. Let k be v(-28). What is the highest common divisor of 8 and k?
8
Let q(u) = u**3 + 2*u**2 - 2*u + 15. Let p be q(5). Calculate the highest common factor of p and 40.
20
Suppose n = 4*t + 48, -n - 3*t = -0*n - 20. Suppose -5*l = -9*l + n. Calculate the greatest common divisor of 28 and l.
4
Let y(w) = -w + 3. Let c = -8 - -3. Let s be y(c). Let q = -1552 - -1616. Calculate the greatest common divisor of q and s.
8
Let r(z) = 6*z**2 - 5*z - 1. Let c be r(4). Let j be 4/10 - 56872/(-20). Let a be (-6)/(-16) - j/(-96). What is the greatest common divisor of a and c?
15
Suppose g + g - q - 12 = 0, -4*q - 8 = 0. Suppose 5*t + 10 = 0, -g*k + 100 = -5*t - 75. What is the greatest common factor of k and 11?
11
Let o be (-2)/3 - (-10360)/42. What is the highest common factor of o and 12?
6
Let x be (-41840)/(-200) - ((-9)/5 - -2). Suppose -a = -0 - 9. Let i be (3/a)/(1/57). Calculate the greatest common factor of i and x.
19
Let w be 2/((-6)/(-249)) - 4. Suppose -2*s + 1 = -w. Calculate the greatest common divisor of 16 and s.
8
Let k be 60*1 - (2 - -4). What is the highest common divisor of k and 6?
6
Let t be (3 - 144/60) + (-4)/(-10). Calculate the highest common divisor of 3 and t.
1
Let u = -1232 + 1272. Suppose -4*z - 1 = -33. Calculate the greatest common factor of z and u.
8
Suppose 0 = 5*l - 17 - 623. What is the greatest common factor of l and 160?
32
Let h(y) = 6*y**2 + y + 2. Let b = -11 + 14. Suppose 0*o + 4*o = 3*g + 19, 3*g - 9 = -b*o. Let w be h(g). Calculate the greatest common factor of 14 and w.
7
Suppose 5*j + u = 8*j - 140, -4*j - 5*u + 212 = 0. Calculate the greatest common divisor of 1024 and j.
16
Let r = 192 - 166. Calculate the greatest common factor of r and 741.
13
Suppose 33*k - 198 = -0*k. Suppose -2*f = -2*q + 3*q - 12, -69 = -5*q - f. What is the greatest common divisor of k and q?
2
Suppose 0 = 2*o + 2*b - 6, o - 3*b + 11 = 5*o. What is the highest common factor of o and 5?
1
Suppose 2*j - 24 = j. Let f(x) be the second derivative of x**4/2 - x**3/3 + 2*x**2 - 4*x. Let n be f(2). What is the highest common divisor of j and n?
24
Let d(v) = 6*v + 21*v**2 + 18*v**2 + 24 + 4*v - 38*v**2. Let f be d(-12). Calculate the highest common factor of 240 and f.
48
Suppose 0 = b + 4*z - 11, 2*b - 3*b - 3 = -3*z. Suppose -102 = -b*t - 3*t. What is the highest common factor of t and 187?
17
Suppose -13 = 10*r - 393. Calculate the greatest common factor of 114 and r.
38
Let s be (2/(-3))/((-6)/171). Let n be 3 - (9 - (5 + -2)). Let b be (76/18*n)/(4/(-6)). Calculate the highest common factor of s and b.
19
Suppose -6*r + 26 = -28. Let a be (6/8)/(r/252). What is the greatest common factor of a and 21?
21
Let o be (-20 - -21)/(-1 - 0). Let a(r) = -r**3 + 3*r**2 + 3*r + 3. Let b be a(4). Let u be 28 + b + 5 + o. What is the greatest common factor of 155 and u?
31
Let i(q) = q**3 + 9*q**2 - q + 20. Let l be i(-8). Calculate the highest common divisor of 23 and l.
23
Let c be (-1770)/(-15) + -14*(-3)/(-6). Let a be 1/2 - 73/(-2). What is the greatest common divisor of c and a?
37
Let u be (-1)/(466/(-155) - -3). Suppose -3*z - 1 + 13 = 0, 0 = o - z + 2. Let r be (3/o)/(6/248). What is the highest common factor of r and u?
31
Let h be 40/25*(-75)/(-2). Let f be -4 - (3 - 3) - -4. Suppose f*r + h = 2*r. Calculate the highest common factor of 75 and r.
15
Suppose -8*k - s + 63 = -3*k, 5*k + 4*s - 57 = 0. Suppose -2*b + 2*i = -208, 2*i - 140 = -b - 36. What is the greatest common factor of k and b?
13
Suppose 3*b - 1 = -10. Let n be b + 1 + 1 + 0. Let x be 1*-1 + (5 - n). Calculate the greatest common divisor of 2 and x.
1
Let c be ((-78)/15)/((-18)/360). Calculate the highest common divisor of 8 and c.
8
Let t be 121 + (0 + -6)/1 - -5. Calculate the highest common factor of 48 and t.
24
Suppose 0 = 5*k - 4*g - 841, -187*k - 672 = -191*k + 3*g. Calculate the greatest common divisor of 99 and k.
33
Suppose 123 = 6*l - 3*l. Calculate the greatest common factor of l and 287.
41
Let i = 652 + -630. What is the greatest common divisor of 11 and i?
11
Suppose 3*l + 2*b = 28, -4*l = 4*b - 55 + 11. Let o be (((-564)/18)/1)/((-4)/l). Calculate the highest c